What is the tens digit of 57780?
8
What is the ten thousands digit of 1626875?
2
What is the hundreds digit of 1533042?
0
What is the hundred thousands digit of 13398718?
3
What is the units digit of 745437?
7
What is the thousands digit of 473279?
3
What is the hundreds digit of 1820191?
1
What is the tens digit of 529159?
5
What is the units digit of 3327728?
8
What is the tens digit of 84340?
4
What is the tens digit of 49516?
1
What is the thousands digit of 254468?
4
What is the tens digit of 39972274?
7
What is the ten thousands digit of 774667?
7
What is the millions digit of 5787883?
5
What is the hundreds digit of 443651?
6
What is the thousands digit of 890899?
0
What is the hundreds digit of 3417938?
9
What is the hundred thousands digit of 8627981?
6
What is the hundreds digit of 249659?
6
What is the hundreds digit of 1175419?
4
What is the ten thousands digit of 32927?
3
What is the thousands digit of 2642483?
2
What is the ten thousands digit of 892969?
9
What is the hundreds digit of 1179685?
6
What is the units digit of 498377?
7
What is the ten millions digit of 14136180?
1
What is the tens digit of 256691?
9
What is the hundred thousands digit of 1180066?
1
What is the units digit of 1951177?
7
What is the tens digit of 659538?
3
What is the units digit of 9206?
6
What is the tens digit of 284167?
6
What is the thousands digit of 897236?
7
What is the tens digit of 469721?
2
What is the thousands digit of 486238?
6
What is the hundred thousands digit of 385154?
3
What is the units digit of 7738331?
1
What is the hundreds digit of 4952469?
4
What is the thousands digit of 574674?
4
What is the ten thousands digit of 84659?
8
What is the millions digit of 30654283?
0
What is the hundreds digit of 9676098?
0
What is the hundreds digit of 1611982?
9
What is the units digit of 717075?
5
What is the ten thousands digit of 142635?
4
What is the tens digit of 297137?
3
What is the tens digit of 888647?
4
What is the hundreds digit of 1746142?
1
What is the thousands digit of 4207089?
7
What is the hundred thousands digit of 233534?
2
What is the hundred thousands digit of 1272588?
2
What is the ten thousands digit of 441241?
4
What is the ten thousands digit of 463041?
6
What is the tens digit of 968887?
8
What is the hundred thousands digit of 648623?
6
What is the thousands digit of 4412474?
2
What is the thousands digit of 2791044?
1
What is the hundreds digit of 286940?
9
What is the ten thousands digit of 104293?
0
What is the hundreds digit of 4593085?
0
What is the ten millions digit of 15091959?
1
What is the ten thousands digit of 426301?
2
What is the hundreds digit of 1074282?
2
What is the ten thousands digit of 9554102?
5
What is the units digit of 163172?
2
What is the tens digit of 2203312?
1
What is the ten thousands digit of 29379?
2
What is the tens digit of 475523?
2
What is the tens digit of 15225870?
7
What is the thousands digit of 5099465?
9
What is the millions digit of 11951840?
1
What is the ten thousands digit of 1481526?
8
What is the ten thousands digit of 17261668?
6
What is the ten thousands digit of 175424?
7
What is the ten thousands digit of 2305212?
0
What is the ten thousands digit of 2126758?
2
What is the millions digit of 7909441?
7
What is the tens digit of 313417?
1
What is the millions digit of 1823909?
1
What is the units digit of 3671179?
9
What is the hundreds digit of 405668?
6
What is the thousands digit of 506697?
6
What is the tens digit of 415908?
0
What is the ten thousands digit of 30646816?
4
What is the hundred thousands digit of 18693006?
6
What is the units digit of 281246?
6
What is the thousands digit of 639012?
9
What is the ten thousands digit of 143410?
4
What is the hundreds digit of 34358824?
8
What is the tens digit of 460394?
9
What is the hundreds digit of 622608?
6
What is the thousands digit of 10414729?
4
What is the hundreds digit of 7082258?
2
What is the ten thousands digit of 520269?
2
What is the ten thousands digit of 6683727?
8
What is the thousands digit of 155493?
5
What is the thousands digit of 706743?
6
What is the tens digit of 150231?
3
What is the hundred thousands digit of 5635923?
6
What is the millions digit of 4394076?
4
What is the hundred thousands digit of 758765?
7
What is the thousands digit of 2160479?
0
What is the millions digit of 3165306?
3
What is the units digit of 199283?
3
What is the tens digit of 375250?
5
What is the hundreds digit of 2936601?
6
What is the ten thousands digit of 123894?
2
What is the thousands digit of 465151?
5
What is the hundred thousands digit of 262166?
2
What is the ten thousands digit of 3133742?
3
What is the millions digit of 13440348?
3
What is the thousands digit of 2347986?
7
What is the tens digit of 202085?
8
What is the hundred thousands digit of 7885864?
8
What is the hundreds digit of 17747?
7
What is the thousands digit of 1215710?
5
What is the ten thousands digit of 23149706?
4
What is the ten thousands digit of 996947?
9
What is the ten thousands digit of 10972961?
7
What is the units digit of 105919?
9
What is the hundreds digit of 641240?
2
What is the thousands digit of 301220?
1
What is the hundreds digit of 1395949?
9
What is the tens digit of 210015?
1
What is the units digit of 994774?
4
What is the units digit of 328627?
7
What is the units digit of 574325?
5
What is the millions digit of 17669103?
7
What is the hundred thousands digit of 3976398?
9
What is the thousands digit of 5203538?
3
What is the thousands digit of 834002?
4
What is the thousands digit of 28247341?
7
What is the units digit of 199688?
8
What is the ten thousands digit of 364977?
6
What is the thousands digit of 4868098?
8
What is the thousands digit of 9182568?
2
What is the tens digit of 1390033?
3
What is the hundreds digit of 19970159?
1
What is the hundred thousands digit of 173642?
1
What is the tens digit of 49762?
6
What is the hundred thousands digit of 2328052?
3
What is the hundreds digit of 25787520?
5
What is the ten thousands digit of 39684?
3
What is the tens digit of 2684?
8
What is the units digit of 227719?
9
What is the units digit of 332497?
7
What is the millions digit of 1092239?
1
What is the millions digit of 1292542?
1
What is the hundred thousands digit of 21310563?
3
What is the ten thousands digit of 2837942?
3
What is the ten thousands digit of 6083195?
8
What is the units digit of 3764552?
2
What is the thousands digit of 662163?
2
What is the millions digit of 4147036?
4
What is the ten thousands digit of 3844415?
4
What is the millions digit of 18547352?
8
What is the millions digit of 2300244?
2
What is the units digit of 25430437?
7
What is the millions digit of 2362814?
2
What is the thousands digit of 971819?
1
What is the hundred thousands digit of 854074?
8
What is the hundreds digit of 104115?
1
What is the tens digit of 34555?
5
What is the thousands digit of 4524036?
4
What is the units digit of 13767647?
7
What is the ten thousands digit of 58837?
5
What is the hundreds digit of 231357?
3
What is the tens digit of 3466830?
3
What is the millions digit of 6949303?
6
What is the thousands digit of 102219?
2
What is the thousands digit of 3557552?
7
What is the ten thousands digit of 5569125?
6
What is the hundreds digit of 34265?
2
What is the hundred thousands digit of 13453398?
4
What is the thousands digit of 10413046?
3
What is the hundred thousands digit of 8627398?
6
What is the thousands digit of 190197?
0
What is the ten thousands digit of 778505?
7
What is the ten thousands digit of 31680893?
8
What is the tens digit of 14569748?
4
What is the millions digit of 1133163?
1
What is the tens digit of 222156?
5
What is the hundred thousands digit of 904700?
9
What is the hundred thousands digit of 4240886?
2
What is the hundreds digit of 26749975?
9
What is the tens digit of 160154?
5
What is the thousands digit of 5631531?
1
What is the ten thousands digit of 697704?
9
What is the thousands digit of 25087658?
7
What is the thousands digit of 12598237?
8
What is the units digit of 6174067?
7
What is the ten thousands digit of 41037?
4
What is the hundred thousands digit of 2240314?
2
What is the thousands digit of 119545?
9
What is the hundreds digit of 442338?
3